 is 52 + 6301463?
6301545
In base 15, what is 4 + 1d75c?
1d761
In base 13, what is 5 + 222251b?
2222523
In base 5, what is -1444114044 + -42?
-1444114141
In base 7, what is 1 + -13345666?
-13345665
In base 10, what is -1451 + 2672?
1221
In base 14, what is 4c69 - -544?
53ad
In base 6, what is 52 + -20521?
-20425
In base 14, what is 35a2da - ac?
35a22c
In base 15, what is -e259e08 - 5?
-e259e0d
In base 12, what is 3b55bb5 + -2?
3b55bb3
In base 8, what is 237604505 + 5?
237604512
In base 10, what is 1462 - 475?
987
In base 10, what is -1440830 - 15?
-1440845
In base 4, what is -2021332 - -101301?
-1320031
In base 13, what is -1609 + -8b99?
-a4a5
In base 6, what is -232352305 - 0?
-232352305
In base 12, what is 11a - 1a933?
-1a815
In base 4, what is 2321311 + -22022113?
-13100202
In base 16, what is 6d - -1e2d7?
1e344
In base 14, what is 247 - -219d?
2406
In base 12, what is -58398600 + 0?
-58398600
In base 8, what is -123636 + 12373?
-111243
In base 16, what is 121 - -2f7a07?
2f7b28
In base 2, what is -101 - -10111111110000000000?
10111111101111111011
In base 11, what is 334256536 + -4?
334256532
In base 10, what is -4010 - 6790?
-10800
In base 10, what is 68 - 794706?
-794638
In base 5, what is 2000 + 1231342?
1233342
In base 10, what is 816807638 - 3?
816807635
In base 15, what is -7 - -22e394?
22e38c
In base 3, what is -1100220112 - -1001010?
-1022212102
In base 15, what is 134712 + -a?
134707
In base 2, what is 11111110111 + 1001001000000010010?
1001001100000001001
In base 11, what is 10915232 - -6?
10915238
In base 15, what is -25c40a + -1?
-25c40b
In base 6, what is 1 + -41350320?
-41350315
In base 6, what is 1 - 33052030?
-33052025
In base 7, what is 52 + 42104643?
42105025
In base 2, what is -111000011101110 + 100010?
-111000011001100
In base 15, what is e9c643 - -6?
e9c649
In base 3, what is 112101211 - 101012?
112000122
In base 6, what is -14353 + 3442110?
3423313
In base 14, what is 542cb6 + 1?
542cb7
In base 11, what is -4 + -7691170?
-7691174
In base 4, what is -1 - -1230223121?
1230223120
In base 3, what is 112121 - -1200122?
2020020
In base 10, what is -67259 + -647?
-67906
In base 2, what is -110100010 + 1000110001111100?
1000101011011010
In base 9, what is 7765615 - 363?
7765242
In base 6, what is -2200413020 + 2?
-2200413014
In base 10, what is -235 - -64398?
64163
In base 9, what is -5 - -641554346?
641554341
In base 15, what is 18b5442 + 1?
18b5443
In base 8, what is 0 - -52013135?
52013135
In base 10, what is 27 + 308043?
308070
In base 12, what is -7887b + 7?
-78874
In base 3, what is -111212 + -11100121200212?
-11100122012201
In base 13, what is 0 + -2542569c?
-2542569c
In base 2, what is 1000101110100000010110 - 10001000?
1000101110011110001110
In base 2, what is -1000101111 - -100111001011100100?
100111000010110101
In base 3, what is 12 - -22222222122112?
22222222122201
In base 12, what is -2b0160 - b1?
-2b0251
In base 8, what is 11 - 41440737?
-41440726
In base 15, what is -c8538 - bb?
-c8604
In base 2, what is -1011 + -10000011101001100100?
-10000011101001101111
In base 13, what is 418699 + -22b?
41846b
In base 5, what is -1143012230 + 1?
-1143012224
In base 16, what is -4 - -69878?
69874
In base 11, what is -2091085 - 1?
-2091086
In base 6, what is -5 + 3445042122?
3445042113
In base 9, what is -84 - -1831648?
1831554
In base 12, what is 1a558 - 382b?
16929
In base 13, what is 5 - -c0b8a83?
c0b8a88
In base 7, what is -16140211 - -25?
-16140153
In base 11, what is -2 + -1a71a781?
-1a71a783
In base 4, what is 3210 + -221100022?
-221030212
In base 4, what is -1202 - -11131313333?
11131312131
In base 2, what is -110 + 10110100001010101000101?
10110100001010100111111
In base 15, what is -565231 + -6?
-565237
In base 15, what is 9bd8 + 8c?
9c75
In base 6, what is 2 + 311444253?
311444255
In base 10, what is -95086 + -1103?
-96189
In base 10, what is -630 + 168000?
167370
In base 16, what is -a1 + 339564?
3394c3
In base 5, what is -3323044 + -300?
-3323344
In base 3, what is -110202101 - 21022011?
-202001112
In base 7, what is 11664553530 - -5?
11664553535
In base 14, what is -2975d8a - 1?
-2975d8b
In base 11, what is -1 + 49a172?
49a171
In base 8, what is 0 + -27657256?
-27657256
In base 12, what is 7806690 - -9?
7806699
In base 2, what is 1101100010001110111 - -111?
1101100010001111110
In base 11, what is 444 - 4449?
-4005
In base 8, what is -426 - 527142?
-527570
In base 10, what is -36807 - 265?
-37072
In base 7, what is -403664164 - -3?
-403664161
In base 10, what is 3 + -4065549?
-4065546
In base 4, what is 2210231 - -21203011?
30013302
In base 9, what is -132 - 860004?
-860136
In base 11, what is 16841981 - -4?
16841985
In base 9, what is -161646315 + 3?
-161646312
In base 12, what is -22123 + -317b?
-252a2
In base 8, what is -114737 + -665?
-115624
In base 10, what is 677 + -200460?
-199783
In base 14, what is -d3bdc - c3?
-d3cc1
In base 16, what is -510 - 361?
-871
In base 15, what is 18444 - d34?
17610
In base 10, what is 17 + -343207?
-343190
In base 12, what is 3 - -468a64a?
468a651
In base 5, what is 10 - 302322001?
-302321441
In base 5, what is 10342021330120 + 3?
10342021330123
In base 9, what is 50141162 + 0?
50141162
In base 6, what is -13 - 515034333?
-515034350
In base 15, what is -64 - 50289?
-502ed
In base 8, what is 1 + -11112232?
-11112231
In base 13, what is 6a + -3c016?
-3bc79
In base 10, what is 2483 - -101248?
103731
In base 12, what is -5 + -3068b377?
-3068b380
In base 2, what is 11110011111111100111111110 - 100?
11110011111111100111111010
In base 13, what is 0 + -798cb3?
-798cb3
In base 7, what is 10 - -3503311?
3503321
In base 12, what is 48 - -19778?
19804
In base 13, what is 0 + -5579534?
-5579534
In base 9, what is 437 + 143076?
143524
In base 12, what is 5770 - -346?
5ab6
In base 16, what is 8 + -4dafc?
-4daf4
In base 10, what is -282 - -2417?
2135
In base 3, what is -12 - -12020002202020010?
12020002202012221
In base 2, what is -101 + 1100100111110?
1100100111001
In base 4, what is 13 + -331302031330?
-331302031311
In base 7, what is 1153416232 - 2?
1153416230
In base 16, what is 14 - -7ccc5?
7ccd9
In base 3, what is 1220012011012210 - 212?
1220012011011221
In base 13, what is 1137 - -1c560?
20697
In base 14, what is -37a2ca - -10?
-37a2ba
In base 9, what is -2316 + 174373?
172056
In base 5, what is 3 + 343340123202?
343340123210
In base 6, what is -13015313502 + -5?
-13015313511
In base 11, what is -3624752a - 8?
-36247537
In base 10, what is -4 + -254644?
-254648
In base 6, what is 11443 - 535004?
-523121
In base 15, what is -2c + 2e09c8?
2e099b
In base 15, what is 7994 + -8abd?
-1129
In base 4, what is -1122132 - 21231?
-1210023
In base 12, what is -17 - -2a7769b?
2a77684
In base 16, what is 1 - 26b783?
-26b782
In base 3, what is 1200012100101 + -12?
1200012100012
In base 6, what is 2 - -10530443555?
10530444001
In base 7, what is -3630 + -4620?
-11550
In base 2, what is -111 + -1101100010001000101111?
-1101100010001000110110
In base 3, what is -101002 + -201221202121?
-201222010200
In base 2, what is 11110001011 + 11011001101?
111001011000
In base 2, what is -1101000001111101101 + -10011?
-1101000010000000000
In base 10, what is -180 - -196740?
196560
In base 10, what is 0 - -24163702?
24163702
In base 10, what is -15816 + -193?
-16009
In base 8, what is 107570 - -470?
110260
In base 10, what is 48 + 15049?
15097
In base 12, what is -88a + -15689a?
-157568
In base 5, what is 44144141 + 2334?
44202030
In base 9, what is -24476031 + 5?
-24476025
In base 14, what is 2711 - a767?
-8056
In base 6, what is 52135223 - 5?
52135214
In base 8, what is 2751 - -15102?
20053
In base 15, what is -38e - 2c53e?
-2c8cd
In base 7, what is 26161434 + -1?
26161433
In base 12, what is 6 + 66247076?
66247080
In base 3, what is -201111121101020011 + -10?
-201111121101020021
In base 15, what is 4 - -1847b6b?
1847b70
In base 3, what is -1120100112012010 - -2?
-1120100112012001
In base 16, what is -5d - 1de3f?
-1de9c
In base 6, what is -1155430 + 103?
-1155323
In base 13, what is -1257a + 14a0?
-110aa
In base 2, what is 1101110101 - -1111010101010001?
1111100011000110
In base 2, what is 11011101101110100001 - -100111001?
11011101110011011010
In base 9, what is -267 - -111508?
111231
In base 8, what is -1155